 - -107. Calculate the highest common divisor of y and 56.
8
Let g(j) = 12*j + 2. Let x be g(1). Calculate the greatest common divisor of x and 14.
14
Let r(n) be the third derivative of 4*n**2 + 0*n + 5/6*n**3 + 0 - 5/8*n**4. Let i be r(-6). Calculate the greatest common divisor of i and 19.
19
Suppose 14 = -3*z - 22. Let m be z/(-1) + -4 + 4. Let u = m - 0. Calculate the highest common divisor of u and 84.
12
Suppose 0 = -5*l + 4*f + 136, 3*l - f = 3*f + 88. Suppose -2*k + l = 8. Calculate the greatest common divisor of k and 24.
8
Suppose -88 = -5*l + l. Calculate the greatest common divisor of 55 and l.
11
Let p(l) = 2*l**2 - 6*l - 9. Let s be p(-3). Calculate the highest common divisor of s and 3.
3
Let y be (-13)/52 - 25/(-4). What is the highest common divisor of y and 6?
6
Suppose 2*q = -3*m + 16 + 2, m + 64 = 4*q. Suppose -251 - 79 = -p. Suppose 4*a + p = 2*h, -3*a = 4*h + h - 825. What is the highest common divisor of q and h?
15
Let b be 22/6 - (-4)/12. Suppose b*g = 2*x + 270, 64 + 161 = 3*g + 3*x. Calculate the greatest common divisor of g and 14.
14
Let x = 73 - 46. Let z = -16 + 232. What is the highest common divisor of z and x?
27
Let w(k) = -26*k + 0 + 2 - 2 - 1. Let a be w(-1). What is the greatest common factor of 125 and a?
25
Suppose 10 = -4*i + 2*i + 4*g, 0 = 2*g - 2. Let c(t) = t - 3. Let o be c(i). Let a = 15 + o. What is the highest common factor of 99 and a?
9
Let l(q) = -4*q + 38. Let s be l(8). Calculate the highest common divisor of 48 and s.
6
Suppose -2*w - w + 33 = 0. Calculate the highest common divisor of w and 88.
11
Let r(s) = 4*s - 16. Let t be r(5). Calculate the greatest common factor of t and 16.
4
Let a = 1 + 1. Suppose -3*k = -29 + a. Calculate the greatest common divisor of k and 6.
3
Let v be 3/27 + (-85)/(-45). What is the greatest common factor of v and 2?
2
Let t = 34 + -27. Let h(b) = b**2 - 2*b + 4. Let d be 2*((-30)/4)/(-5). Let i be h(d). What is the highest common factor of i and t?
7
Let s be 1/2 - 9/(-6). Let q(x) = x**3 + x**2 - 3*x - 1. Let i be q(-2). Suppose -i = -b + 15. What is the greatest common divisor of b and s?
2
Let l be (1/(-2))/((-3)/66). Suppose 2*p + 3 + 11 = a, -5*a + p = -106. What is the highest common divisor of a and l?
11
Suppose -27 = -4*l - 7. What is the greatest common factor of l and 20?
5
Let u be 3 + 0 + 99 + -3. Calculate the highest common divisor of 9 and u.
9
Suppose 3*j - 5 = 2*p, -j = -p + 3*j - 10. Let g be (40/(-6))/(p/(-30)). Let l be (g/(-12))/((-1)/3). Calculate the greatest common divisor of 5 and l.
5
Suppose -2*u + 6*u - 8 = 0. Let i(d) = -2*d**3 - 1 + u*d - 3*d**2 - 3*d - 2*d. Let l be i(-4). What is the highest common factor of l and 13?
13
Suppose 5*d - 97 = 3*l, 0*d = -4*d - 3*l + 83. Suppose 3 + 0 = s, 3*u - 4*s = 18. Calculate the highest common factor of d and u.
10
Let z be (-108)/5*30/(-9). Suppose -m + 3*o - z = -5*m, 2*m - 5*o - 36 = 0. What is the highest common factor of m and 12?
6
Let r = 255 + -143. Calculate the highest common factor of 28 and r.
28
Let z be -3 + 2 + (11 - 1). Let i(l) = l**3 - l**2 + l. Let g be i(2). What is the highest common factor of z and g?
3
Suppose 5*x - 8 = 3*x. Suppose 31 = x*o - 1. Let b be -2 - (-2 - 1*16). Calculate the highest common divisor of o and b.
8
Let d(g) = g**2 + 4*g - 1. Let u be d(3). Calculate the highest common divisor of u and 5.
5
Let n(h) be the second derivative of h**4/3 + h**3/3 + h. Let s = -6 + 4. Let w be n(s). What is the greatest common factor of 30 and w?
6
Let d = 46 + -25. Calculate the greatest common factor of d and 14.
7
Let n(l) = -2 + 1 + 17*l + 5. Suppose -i + 0 = 2*q - 11, 4*i - 11 = 3*q. Let c be n(q). What is the highest common divisor of 11 and c?
11
Let m = -6 + 11. Suppose -4*p = -5*z + 16, 2*z - 19 = -m*p - 6. Suppose -105 = -z*h - h. What is the greatest common factor of 3 and h?
3
Suppose g + 2*g + 2*i = 16, 2*g + 2*i - 12 = 0. Suppose g*y + 120 = 7*y. Calculate the greatest common factor of 100 and y.
20
Suppose 0*q - 2 = -2*q. Let p be (q + 2)*(-15)/(-9). What is the highest common factor of 25 and p?
5
Let u be (-6)/2 - (-4 - -105). Let r = u - -156. What is the highest common divisor of 130 and r?
26
Let m be 8/(-16)*(-4 + 0). Let x = 43 - 25. What is the greatest common factor of m and x?
2
Suppose -35 = l - 209. Let m = l - 84. What is the highest common divisor of m and 9?
9
Suppose 0 = -2*u + 4 - 0. Let z be ((-8)/(-20))/(u/(-20)). Let b be (-62)/z - 5/(-10). Calculate the highest common factor of 96 and b.
16
Suppose -3*p + 2*s = -994, -p + 107 + 215 = 4*s. What is the highest common divisor of p and 30?
30
Suppose -4*u + 2 = -3*z - 0, 3*z + u = 23. Let j be (-6)/(-9) + 68/z. Suppose -108 = -g - 2*g. What is the greatest common divisor of g and j?
12
Let u(s) = s**3 - 8*s**2 + s - 3. Let j be u(7). Let i be 5/(j/51)*-3. Calculate the greatest common factor of 85 and i.
17
Let p be (7 + 2)/(3*(-3)/(-9)). Calculate the greatest common divisor of 1 and p.
1
Suppose -3*d + 142 = -2. Calculate the greatest common divisor of d and 24.
24
Suppose 8 = -6*f + f - 3*q, 4*q + 4 = 0. Let b be ((-18)/(-45))/(f/(-40)). Calculate the greatest common factor of 2 and b.
2
Suppose 5*z = 3*k + 24 - 3, 3*z + 5*k = -1. Suppose 24 = -w + z*w. Calculate the highest common factor of w and 30.
6
Suppose 14 = 4*i - 2*i. Let q(a) = -12*a - 263. Let j be q(-26). Calculate the highest common divisor of j and i.
7
Let r(o) = -4 - 5*o + 6*o**2 + 3 - 5*o**3 + 6*o**3. Let p be r(-5). Calculate the greatest common divisor of p and 7.
7
Suppose 2*l = -s + 16, 3*s + 24 = -l + 3*l. Suppose 5*r = 10, 3*r = o - 0*o + 5. Calculate the highest common divisor of l and o.
1
Let n be -4*(-1)/6*6. Suppose 4*z - x + 10 = 0, n*z - x = 3*z - 1. Let g be 50*(z/6 + 2). What is the greatest common divisor of g and 30?
15
Let p be (-30)/9*252/(-8). What is the greatest common divisor of p and 15?
15
Suppose 0 = -25*q + 27*q - 48. Calculate the greatest common divisor of q and 192.
24
Let j(p) = 2*p + 4. Let k be j(6). Calculate the greatest common divisor of 176 and k.
16
Let n = 10 - 1. Let x = 5 + -5. Let h be x + 1 - 2 - -2. Calculate the highest common factor of h and n.
1
Suppose -j - 10 = 4*j. Let s be 5 - 0/(j*1). Let v be 1*17 + -6 + s. What is the greatest common factor of 2 and v?
2
Let h be (-102)/(-4)*(-2)/(-3). Suppose 1126 + 722 = -4*q. Let f = -326 - q. What is the highest common factor of h and f?
17
Let r be -1 - (-5)/(-1 + 2). Let s be (1 + -3 - 3)/1. Let y(g) = g**2 + 2*g + 5. Let a be y(s). Calculate the highest common factor of r and a.
4
Let n be 5/(10/(-4))*18/(-4). Calculate the highest common factor of 45 and n.
9
Let m be (0 - 4)*(-17 - 1). Let o = -142 + 100. Let q = m + o. What is the greatest common divisor of 10 and q?
10
Let v = 8 - 7. Let s = v + 4. What is the greatest common divisor of 5 and s?
5
Suppose -5*h = 5*i - 40, -2*h - 3*h = -3*i. Suppose -j - 5*w = -h*j + 13, 30 = 3*j - 4*w. Calculate the greatest common divisor of j and 56.
14
Let l be 2/4*(4 + 2). Suppose 11 - 125 = l*n. Let x be -2 - -1*n/(-2). Calculate the greatest common factor of 51 and x.
17
Suppose -3*q + 4*y - 72 = -2*q, -4*y - 180 = 2*q. Let k be (-984)/q - (-2)/7. Let v = 5 - 1. Calculate the highest common divisor of v and k.
4
Let s(z) = -3 - 2*z**2 + 2*z + 0*z + 3*z**2. Let u be s(-6). Let x be 2/(u/15 - 1). What is the highest common divisor of x and 20?
5
Let r(q) = q**2 - 10*q + 14. Let d be r(10). Suppose 0 = -2*o + 5 + 3. Let n = d - o. Calculate the highest common divisor of 70 and n.
10
Let x(r) = -4*r - 6. Let c be x(-2). What is the greatest common divisor of 16 and c?
2
Suppose -5*w + 5*i + 31 = -14, 0 = -2*w - 4*i. What is the greatest common divisor of w and 60?
6
Let x be (5 + 0)*(-1 + (-57)/(-5)). What is the highest common factor of x and 39?
13
Let o be 9/(((-6)/4)/1). Let s be ((-50)/(-6))/(o/(-18)). Suppose -58 = -5*q + 4*j, 2*j + 36 = 4*q + 4*j. Calculate the greatest common divisor of q and s.
5
Let f = 27 + 323. Suppose -2*n - 239 = -5*v + 111, -5*n = 5*v - f. Calculate the greatest common factor of v and 28.
14
Suppose -4*y = 5*s - 20, -8 = 2*y - 2*s - 0*s. Let r(c) = -2*c + 17. Let x be r(y). What is the greatest common divisor of x and 187?
17
Let u(g) = 13*g - 